se 0*k - 229 = -4*k - 3*t, 4*k - 2*t - 214 = 0. Suppose -m + k = 2*b - 0*m, 3*b + 3*m = 78. Calculate the remainder when b is divided by 6.
5
Let m(c) = -c**3 + 3*c**2 - 2*c + 3. Let w = 6 - 4. Let d be m(w). Suppose 34 = -q + d*q. What is the remainder when q is divided by 9?
8
Suppose -5*y + n = -455, 2*y - 7*n - 164 = -3*n. Calculate the remainder when y is divided by 9.
2
Suppose -6*r + 6 = -18. Calculate the remainder when r is divided by (1 + 8/(-12))/((-4)/(-24)).
0
Suppose -21 = -2*w + 11. Let o = 50 + 91. Calculate the remainder when ((-4)/6)/((-2)/o) is divided by w.
15
Calculate the remainder when (4/6)/(4/(-24)) - -57 is divided by 28.
25
Suppose -3*h = -3, 0*a - 4*h = -3*a + 8. Suppose 149 = a*l - 79. What is the remainder when l is divided by 15?
12
Suppose -2 = u - 0, -j + u + 84 = 0. Let g = j + -56. Suppose -5*k + 7*k = g. What is the remainder when 50 is divided by k?
11
Suppose -96 = -4*t + 3*u, t + 0*u = 4*u + 37. Let c be (-759)/(-77) - 2/(-14). Suppose 11*n - 6 = c*n. Calculate the remainder when t is divided by n.
3
What is the remainder when 142 is divided by (-1)/(-6)*(7 - 9)*-87?
26
Suppose 3*b = b + 5*p + 774, -p = -3*b + 1135. What is the remainder when b is divided by 19?
16
Suppose 0 = 4*s - 10*s + 1290. Let c = -64 + s. Calculate the remainder when c is divided by 39.
34
Let j(o) = 5*o - 5. What is the remainder when 10 is divided by j(2)?
0
Let q(n) = -3*n**3 - 4*n**2 + 4*n + 4. Suppose 6*b - 3*b = -6. Calculate the remainder when 17 is divided by q(b).
1
Suppose 10 = 30*r - 28*r. Suppose r*d + 3*f - 184 = 0, -7 - 54 = -2*d + 3*f. What is the remainder when d is divided by 18?
17
What is the remainder when 91 is divided by (-40)/(-10 - -9) + -1?
13
Suppose 0 = 7*y + 473 - 984. Calculate the remainder when 1530 is divided by y.
70
Suppose -3*l - 161 = -4*u, -93 = -4*u + 5*l + 66. Let c = 57 - u. What is the remainder when 79 is divided by c?
15
Let m be ((-12)/(-10))/(8/(-80)) + -2. Let p = 21 + m. What is the remainder when 39 is divided by p?
4
Suppose 0 = 11*s + 19 - 140. Let z(p) = p**3 - 7*p**2 - 3*p**2 - 9*p + 0*p + 13. What is the remainder when z(s) is divided by 12?
11
Let g = -54 - -27. Let w = -55 + 36. Let l = w - g. Calculate the remainder when 20 is divided by l.
4
Suppose 6 = k + 2*l - 6, 4*l + 116 = 5*k. What is the remainder when 76 is divided by k?
16
Suppose 196 = -a + 45. Let j = -107 - a. What is the remainder when 218 is divided by j?
42
Let t(d) = -d + 3. Let z be t(0). Suppose -c + 2*p = 3*c - 20, 0 = -z*c - 3*p + 24. What is the remainder when c is divided by 2/8 + 105/28?
2
Let c = -2776 - -2777. Calculate the remainder when 60 is divided by c.
0
What is the remainder when -6 + (-1536)/(-8) - -7 is divided by 5?
3
Calculate the remainder when ((-24)/(-6) - 3)/(1/377) is divided by 54.
53
Suppose 0 = p + 5*o + 15, 4*o - 45 = -5*p + 3*o. Suppose g + p*g = 264. What is the remainder when 215 is divided by g?
23
Let b(a) = 2 - 2*a**2 + 5*a + 5*a**2 + 0*a - 2*a. Calculate the remainder when 57 is divided by b(2).
17
Let y = 10 - 7. Let d(v) = -y + 4*v**2 + 7*v + 3 - 8*v. Calculate the remainder when 64 is divided by d(3).
31
Suppose 9*u = 11*u - 126. Suppose 57 = 5*m - u. Suppose -j - 1 = 0, 3*y = -y + 5*j + 193. Calculate the remainder when y is divided by m.
23
Let s = 593 - 284. What is the remainder when s is divided by 12?
9
Let c = 10 + 1. Suppose -c*y = -107 - 157. What is the remainder when 45 is divided by y?
21
Let r(u) = -5*u + 28. Let o(v) = 6*v - 27. Let n(j) = 4*o(j) + 5*r(j). Let c be (-4)/(-6) - (-37)/3. Calculate the remainder when 75 is divided by n(c).
18
What is the remainder when -108*(18/(-22) - 18/99) is divided by 37?
34
Let h(b) = 6*b + 42. Let p be h(-6). Let r(l) = l**3 - 7*l**2 + 9*l - 8. What is the remainder when 14 is divided by r(p)?
4
Suppose -2*j + 3*d = -447, 0 = 4*j - d - 164 - 715. Calculate the remainder when j is divided by 57.
48
Let l be (-3 + 15/6)*-2. What is the remainder when 46 + (l/4)/(11/44) is divided by 24?
23
Let m = -1263 - -2380. What is the remainder when m is divided by 28?
25
Let a(j) = -512*j**3 - 4*j**2 - 5*j - 1. What is the remainder when a(-1) is divided by 9?
8
Suppose -r + 41 = 3*p, 10*p - 14*p - 3*r = -58. What is the remainder when p is divided by 5*1*(-48)/(-30)?
5
Let g(q) = 5*q**2 + 2*q - 3. Let f be g(1). Suppose -19 = -3*u - l + 3*l, -2*u + f*l + 10 = 0. Calculate the remainder when 13 is divided by u.
6
Suppose 0 = 10*o - 224 + 64. Suppose -q + d = -4, 2*d = -q - d + 8. Suppose q*v - 2*v - 30 = 0. What is the remainder when o is divided by v?
6
Let q be 0/(18/(-6) - -2). Suppose q = 15*m - 0 - 60. Calculate the remainder when 114 is divided by m.
2
Let y(m) = -190*m - 299. Calculate the remainder when y(-26) is divided by 22.
21
Let l = -55 - -54. Let r(m) = -90*m - 4. What is the remainder when r(l) is divided by 30?
26
Let b = -29 + 51. Let x = -54 + 97. Calculate the remainder when x is divided by b.
21
Let z(s) = -2*s**3 - 5*s**2 + 2*s + 1. Suppose 327 = 2*v - m, 3*v - 7*v + 647 = 5*m. Calculate the remainder when v is divided by z(-4).
40
Suppose 0 = -k - k + 38. Let x = 54 + -18. Suppose -z - 221 = -5*y - x, 0 = 4*y + 2*z - 148. Calculate the remainder when y is divided by k.
18
Let j = -27 - -27. What is the remainder when 17 + -3 + 5 + j is divided by 5*2 - (-2 - -2)?
9
Let g(j) = -26*j. Let q be g(-2). Let a = q + 15. What is the remainder when a is divided by 17?
16
Let v(m) = m + 16. Suppose -7*i = -48 - 1. Let o be v(i). Suppose 0 = 4*h + 3 - o. What is the remainder when h is divided by 3?
2
Calculate the remainder when 113 is divided by (72/20 - 3)/((-1)/(-90)).
5
Suppose 5*a - 80 = -3*q, -q + 146 = 4*q + 2*a. What is the remainder when 114 is divided by q?
24
Suppose 2*i + 17 = x + 3*i, 0 = 2*x + 4*i - 24. Suppose -5*b = -3*b - x. What is the remainder when b is divided by -1 - (-4 + (7 - 8))?
3
Calculate the remainder when (3/(-12))/(5/(-1720)) is divided by 50.
36
Suppose 0 = 2*y - 2, -5*y - 3 = -5*q + 2. Let f = -7 + 11. Suppose -s = -0*s - f. Calculate the remainder when s is divided by q.
0
Let m be (2/(-3))/(30/(-1215)). Suppose m*t = 22*t. Suppose t = 4*d - z - 279, 0*z = -4*d + 2*z + 282. What is the remainder when d is divided by 18?
15
Let c(g) = 5*g**2 - g - 1. Let x(d) = -9*d**2 + 2*d + 3. Let b(s) = -7*c(s) - 4*x(s). What is the remainder when b(-8) is divided by 17?
16
Calculate the remainder when 4/10 + -2 + (-3686)/(-10) is divided by 37.
34
Suppose 4*l = -y + 237, 19 = 5*l - 4*y - 272. Calculate the remainder when 884 is divided by l.
58
Let p(i) = -12*i + 10. Let d be p(4). Let h = -25 - d. Calculate the remainder when 50 is divided by h.
11
Let k = -17 - -13. Let l = -96 - -10. Calculate the remainder when l/(-8) + 3/k is divided by 3.
1
Suppose -478 = -5*p + 677. Suppose 3*y - p = -0*y. Suppose -3*o + y = 4*o. Calculate the remainder when 42 is divided by o.
9
Suppose 37*w - 43*w + 540 = 0. What is the remainder when 325 is divided by w?
55
What is the remainder when (-3)/45 + 91814/435 is divided by 24?
19
Suppose -36 = -0*j - 3*j. What is the remainder when 2 - 5 - (-25 - 6) is divided by j?
4
Let k be (-1)/(3/20*(-2)/3). Let d(f) = f**2 + f - 5. Calculate the remainder when d(k) is divided by 27.
24
Suppose -80 = y + 3*y. Let n = 46 - 67. Calculate the remainder when 17 is divided by y/3*n/14.
7
Let l(r) = -9*r - 121. What is the remainder when l(-17) is divided by 3?
2
Let y(b) = 3*b - 1. What is the remainder when y(6) is divided by 63/(-18) + (-75)/(-6)?
8
Let q = -114 - -117. Suppose 0 = q*y - 3*v - 63, 0*y - 3*y = -v - 69. Calculate the remainder when y is divided by 13.
11
Let c(g) = -2*g - 25. Let m be c(-16). Let s(a) = 5*a - 22. Let z = 59 - 34. What is the remainder when z is divided by s(m)?
12
Suppose 4*x - 30 = 94. What is the remainder when x is divided by 14?
3
Suppose -4*i + 3*t = 3 + 6, 0 = -i + 2*t - 6. Suppose 3*a = -i*a + 135. What is the remainder when a is divided by 24?
21
Let p(b) = -10*b + 7. Let n be p(-13). Suppose 5*k + 52 - n = 0. Calculate the remainder when 100 is divided by k.
15
Suppose -4*l + 386 + 18 = 0. Calculate the remainder when l is divided by 18.
11
Suppose -2*n + 5 = -s, 5*n - 2*s = -3*s + 9. Suppose n*f = -f. Suppose -g - 88 = -5*o, -5*o